{"id":417,"date":"2023-01-28T15:38:02","date_gmt":"2023-01-28T15:38:02","guid":{"rendered":"https:\/\/www.schoene-restaurator.de\/web02\/?page_id=417"},"modified":"2023-03-16T09:55:46","modified_gmt":"2023-03-16T09:55:46","slug":"atelier","status":"publish","type":"page","link":"https:\/\/www.schoene-restaurator.de\/web02\/atelier\/","title":{"rendered":"Team"},"content":{"rendered":"\t\t<div data-elementor-type=\"wp-page\" data-elementor-id=\"417\" class=\"elementor elementor-417\">\n\t\t\t\t\t\t\t\t\t<section class=\"elementor-section elementor-top-section elementor-element elementor-element-722b61a9 elementor-section-full_width elementor-section-height-min-height elementor-section-stretched elementor-section-height-default elementor-section-items-middle\" data-id=\"722b61a9\" data-element_type=\"section\" data-settings=\"{&quot;stretch_section&quot;:&quot;section-stretched&quot;,&quot;background_background&quot;:&quot;classic&quot;}\">\n\t\t\t\t\t\t\t<div class=\"elementor-background-overlay\"><\/div>\n\t\t\t\t\t\t\t<div class=\"elementor-container elementor-column-gap-no\">\n\t\t\t\t\t<div class=\"elementor-column elementor-col-100 elementor-top-column elementor-element elementor-element-4fa689e4\" data-id=\"4fa689e4\" data-element_type=\"column\">\n\t\t\t<div class=\"elementor-widget-wrap elementor-element-populated\">\n\t\t\t\t\t\t\t\t<div class=\"elementor-element elementor-element-a50e43f elementor-widget elementor-widget-heading\" data-id=\"a50e43f\" data-element_type=\"widget\" data-widget_type=\"heading.default\">\n\t\t\t\t<div class=\"elementor-widget-container\">\n\t\t\t<style>\/*! elementor - v3.14.0 - 18-06-2023 *\/\n.elementor-heading-title{padding:0;margin:0;line-height:1}.elementor-widget-heading .elementor-heading-title[class*=elementor-size-]>a{color:inherit;font-size:inherit;line-height:inherit}.elementor-widget-heading .elementor-heading-title.elementor-size-small{font-size:15px}.elementor-widget-heading .elementor-heading-title.elementor-size-medium{font-size:19px}.elementor-widget-heading .elementor-heading-title.elementor-size-large{font-size:29px}.elementor-widget-heading .elementor-heading-title.elementor-size-xl{font-size:39px}.elementor-widget-heading .elementor-heading-title.elementor-size-xxl{font-size:59px}<\/style><h1 class=\"elementor-heading-title elementor-size-xxl\">Team<\/h1>\t\t<\/div>\n\t\t\t\t<\/div>\n\t\t\t\t\t<\/div>\n\t\t<\/div>\n\t\t\t\t\t\t\t<\/div>\n\t\t<\/section>\n\t\t\t\t<section class=\"elementor-section elementor-top-section elementor-element elementor-element-3c933042 elementor-section-boxed elementor-section-height-default elementor-section-height-default\" data-id=\"3c933042\" data-element_type=\"section\" data-settings=\"{&quot;background_background&quot;:&quot;classic&quot;}\">\n\t\t\t\t\t\t<div class=\"elementor-container elementor-column-gap-default\">\n\t\t\t\t\t<div class=\"elementor-column elementor-col-100 elementor-top-column elementor-element elementor-element-40eaf127\" data-id=\"40eaf127\" data-element_type=\"column\">\n\t\t\t<div class=\"elementor-widget-wrap elementor-element-populated\">\n\t\t\t\t\t\t\t\t<div class=\"elementor-element elementor-element-19756aa7 elementor-widget elementor-widget-text-editor\" data-id=\"19756aa7\" data-element_type=\"widget\" data-widget_type=\"text-editor.default\">\n\t\t\t\t<div class=\"elementor-widget-container\">\n\t\t\t<style>\/*! elementor - v3.14.0 - 18-06-2023 *\/\n.elementor-widget-text-editor.elementor-drop-cap-view-stacked .elementor-drop-cap{background-color:#69727d;color:#fff}.elementor-widget-text-editor.elementor-drop-cap-view-framed .elementor-drop-cap{color:#69727d;border:3px solid;background-color:transparent}.elementor-widget-text-editor:not(.elementor-drop-cap-view-default) .elementor-drop-cap{margin-top:8px}.elementor-widget-text-editor:not(.elementor-drop-cap-view-default) .elementor-drop-cap-letter{width:1em;height:1em}.elementor-widget-text-editor .elementor-drop-cap{float:left;text-align:center;line-height:1;font-size:50px}.elementor-widget-text-editor .elementor-drop-cap-letter{display:inline-block}<\/style>\t\t\t\t<p>Das Team besteht aus fest angestellten, qualifizierten Mitarbeitenden. Alle Mitarbeitende sind Spezialisten f\u00fcr Restaurierung und Denkmalpflege. Sie verf\u00fcgen \u00fcber langj\u00e4hrige Erfahrungen bei der Vorbereitung, Planung, Ausf\u00fchrung, Koordination und Begleitung anspruchsvoller Projekte.<\/p>\t\t\t\t\t\t<\/div>\n\t\t\t\t<\/div>\n\t\t\t\t<div class=\"elementor-element elementor-element-b8b761e elementor-widget elementor-widget-text-editor\" data-id=\"b8b761e\" data-element_type=\"widget\" data-widget_type=\"text-editor.default\">\n\t\t\t\t<div class=\"elementor-widget-container\">\n\t\t\t\t\t\t\t<p>Das Team des Ateliers setzt sich zusammen aus:<\/p>\n<ul>\n<li>Dipl. &#8211; Restauratoren<\/li>\n<li>Architekt M.A.<br><\/li>\n<li>Dipl. &#8211; Ing. (FH) Innenarchitektur<\/li>\n<li>Restauratoren im Handwerk<\/li>\n<li>Malermeister<\/li>\n<li>M\u00f6beltischler<\/li>\n<li>Informatiker<\/li>\n<\/ul>\t\t\t\t\t\t<\/div>\n\t\t\t\t<\/div>\n\t\t\t\t<div class=\"elementor-element elementor-element-178b81e elementor-widget elementor-widget-text-editor\" data-id=\"178b81e\" data-element_type=\"widget\" data-widget_type=\"text-editor.default\">\n\t\t\t\t<div class=\"elementor-widget-container\">\n\t\t\t\t\t\t\t<p>Bei umfangreichen Projekten werden entsprechend der Aufgabenstellung, zus\u00e4tzlich freie Mitarbeiter bzw. Kooperationspartner, in den Gesamtprozess integriert.<\/p>\t\t\t\t\t\t<\/div>\n\t\t\t\t<\/div>\n\t\t\t\t<div class=\"elementor-element elementor-element-37925ca1 elementor-align-center elementor-tablet-align-center elementor-widget elementor-widget-button\" data-id=\"37925ca1\" data-element_type=\"widget\" data-widget_type=\"button.default\">\n\t\t\t\t<div class=\"elementor-widget-container\">\n\t\t\t\t\t<div class=\"elementor-button-wrapper\">\n\t\t\t<a class=\"elementor-button elementor-button-link elementor-size-md\" href=\"https:\/\/www.schoene-restaurator.de\/web02\/kontakt\/\">\n\t\t\t\t\t\t<span class=\"elementor-button-content-wrapper\">\n\t\t\t\t\t\t<span class=\"elementor-button-text\">Sprechen Sie uns an!<\/span>\n\t\t<\/span>\n\t\t\t\t\t<\/a>\n\t\t<\/div>\n\t\t\t\t<\/div>\n\t\t\t\t<\/div>\n\t\t\t\t\t<\/div>\n\t\t<\/div>\n\t\t\t\t\t\t\t<\/div>\n\t\t<\/section>\n\t\t\t\t<section class=\"elementor-section elementor-top-section elementor-element elementor-element-4c70dac6 elementor-section-boxed elementor-section-height-default elementor-section-height-default\" data-id=\"4c70dac6\" data-element_type=\"section\">\n\t\t\t\t\t\t<div class=\"elementor-container elementor-column-gap-default\">\n\t\t\t\t\t<div class=\"elementor-column elementor-col-100 elementor-top-column elementor-element elementor-element-59dee8a3\" data-id=\"59dee8a3\" data-element_type=\"column\">\n\t\t\t<div class=\"elementor-widget-wrap elementor-element-populated\">\n\t\t\t\t\t\t\t\t<div class=\"elementor-element elementor-element-3ade8a2c elementor-widget elementor-widget-spacer\" data-id=\"3ade8a2c\" data-element_type=\"widget\" data-widget_type=\"spacer.default\">\n\t\t\t\t<div class=\"elementor-widget-container\">\n\t\t\t<style>\/*! elementor - v3.14.0 - 18-06-2023 *\/\n.elementor-column .elementor-spacer-inner{height:var(--spacer-size)}.e-con{--container-widget-width:100%}.e-con-inner>.elementor-widget-spacer,.e-con>.elementor-widget-spacer{width:var(--container-widget-width,var(--spacer-size));--align-self:var(--container-widget-align-self,initial);--flex-shrink:0}.e-con-inner>.elementor-widget-spacer>.elementor-widget-container,.e-con-inner>.elementor-widget-spacer>.elementor-widget-container>.elementor-spacer,.e-con>.elementor-widget-spacer>.elementor-widget-container,.e-con>.elementor-widget-spacer>.elementor-widget-container>.elementor-spacer{height:100%}.e-con-inner>.elementor-widget-spacer>.elementor-widget-container>.elementor-spacer>.elementor-spacer-inner,.e-con>.elementor-widget-spacer>.elementor-widget-container>.elementor-spacer>.elementor-spacer-inner{height:var(--container-widget-height,var(--spacer-size))}<\/style>\t\t<div class=\"elementor-spacer\">\n\t\t\t<div class=\"elementor-spacer-inner\"><\/div>\n\t\t<\/div>\n\t\t\t\t<\/div>\n\t\t\t\t<\/div>\n\t\t\t\t\t<\/div>\n\t\t<\/div>\n\t\t\t\t\t\t\t<\/div>\n\t\t<\/section>\n\t\t\t\t\t\t\t<\/div>\n\t\t","protected":false},"excerpt":{"rendered":"<p>Team Das Team besteht aus fest angestellten, qualifizierten Mitarbeitenden. Alle Mitarbeitende sind Spezialisten f\u00fcr Restaurierung und Denkmalpflege. Sie verf\u00fcgen \u00fcber langj\u00e4hrige Erfahrungen bei der Vorbereitung, Planung, Ausf\u00fchrung, Koordination und Begleitung anspruchsvoller Projekte. Das Team des Ateliers setzt sich zusammen aus: Dipl. &#8211; Restauratoren Architekt M.A. Dipl. &#8211; Ing. (FH) Innenarchitektur Restauratoren im Handwerk Malermeister M\u00f6beltischler [&hellip;]<\/p>\n","protected":false},"author":1,"featured_media":0,"parent":0,"menu_order":0,"comment_status":"closed","ping_status":"closed","template":"","meta":{"footnotes":""},"class_list":["post-417","page","type-page","status-publish","hentry","entry"],"yoast_head":"<!-- This site is optimized with the Yoast SEO plugin v21.2 - https:\/\/yoast.com\/wordpress\/plugins\/seo\/ -->\n<title>Team | Sch\u00f6ne Restauratoren<\/title>\n<meta name=\"description\" content=\"Atelier f\u00fcr Restaurierung und Fachplanung von Arbeiten an hochwertigen Denkm\u00e4leren und historischen Objekten\" \/>\n<meta name=\"robots\" content=\"index, follow, max-snippet:-1, max-image-preview:large, max-video-preview:-1\" \/>\n<link rel=\"canonical\" href=\"https:\/\/www.schoene-restaurator.de\/web02\/atelier\/\" \/>\n<meta property=\"og:locale\" content=\"de_DE\" \/>\n<meta property=\"og:type\" content=\"article\" \/>\n<meta property=\"og:title\" content=\"Team | Sch\u00f6ne Restauratoren\" \/>\n<meta property=\"og:description\" content=\"Atelier f\u00fcr Restaurierung und Fachplanung von Arbeiten an hochwertigen Denkm\u00e4leren und historischen Objekten\" \/>\n<meta property=\"og:url\" content=\"https:\/\/www.schoene-restaurator.de\/web02\/atelier\/\" \/>\n<meta property=\"og:site_name\" content=\"Atelier Dipl.-Restaurator Peter Sch\u00f6ne\" \/>\n<meta property=\"article:modified_time\" content=\"2023-03-16T09:55:46+00:00\" \/>\n<meta name=\"twitter:card\" content=\"summary_large_image\" \/>\n<meta name=\"twitter:label1\" content=\"Gesch\u00e4tzte Lesezeit\" \/>\n\t<meta name=\"twitter:data1\" content=\"1\u00a0Minute\" \/>\n<script type=\"application\/ld+json\" class=\"yoast-schema-graph\">{\"@context\":\"https:\/\/schema.org\",\"@graph\":[{\"@type\":\"WebPage\",\"@id\":\"https:\/\/www.schoene-restaurator.de\/web02\/atelier\/\",\"url\":\"https:\/\/www.schoene-restaurator.de\/web02\/atelier\/\",\"name\":\"Team | Sch\u00f6ne Restauratoren\",\"isPartOf\":{\"@id\":\"https:\/\/www.schoene-restaurator.de\/web02\/#website\"},\"datePublished\":\"2023-01-28T15:38:02+00:00\",\"dateModified\":\"2023-03-16T09:55:46+00:00\",\"description\":\"Atelier f\u00fcr Restaurierung und Fachplanung von Arbeiten an hochwertigen Denkm\u00e4leren und historischen Objekten\",\"breadcrumb\":{\"@id\":\"https:\/\/www.schoene-restaurator.de\/web02\/atelier\/#breadcrumb\"},\"inLanguage\":\"de\",\"potentialAction\":[{\"@type\":\"ReadAction\",\"target\":[\"https:\/\/www.schoene-restaurator.de\/web02\/atelier\/\"]}]},{\"@type\":\"BreadcrumbList\",\"@id\":\"https:\/\/www.schoene-restaurator.de\/web02\/atelier\/#breadcrumb\",\"itemListElement\":[{\"@type\":\"ListItem\",\"position\":1,\"name\":\"Home\",\"item\":\"https:\/\/www.schoene-restaurator.de\/web02\/\"},{\"@type\":\"ListItem\",\"position\":2,\"name\":\"Team\"}]},{\"@type\":\"WebSite\",\"@id\":\"https:\/\/www.schoene-restaurator.de\/web02\/#website\",\"url\":\"https:\/\/www.schoene-restaurator.de\/web02\/\",\"name\":\"Atelier Dipl.-Restaurator Peter Sch\u00f6ne\",\"description\":\"Atelier f\u00fcr Restaurierung und Fachplanung von Arbeiten an hochwertigen Denkm\u00e4leren und historischen Objekten\",\"publisher\":{\"@id\":\"https:\/\/www.schoene-restaurator.de\/web02\/#organization\"},\"potentialAction\":[{\"@type\":\"SearchAction\",\"target\":{\"@type\":\"EntryPoint\",\"urlTemplate\":\"https:\/\/www.schoene-restaurator.de\/web02\/?s={search_term_string}\"},\"query-input\":\"required name=search_term_string\"}],\"inLanguage\":\"de\"},{\"@type\":\"Organization\",\"@id\":\"https:\/\/www.schoene-restaurator.de\/web02\/#organization\",\"name\":\"Atelier Dipl.-Restaurator Peter Sch\u00f6ne, Halle (Saale)\",\"url\":\"https:\/\/www.schoene-restaurator.de\/web02\/\",\"logo\":{\"@type\":\"ImageObject\",\"inLanguage\":\"de\",\"@id\":\"https:\/\/www.schoene-restaurator.de\/web02\/#\/schema\/logo\/image\/\",\"url\":\"https:\/\/www.schoene-restaurator.de\/web02\/wp-content\/uploads\/2023\/02\/ats_web_logo.jpg\",\"contentUrl\":\"https:\/\/www.schoene-restaurator.de\/web02\/wp-content\/uploads\/2023\/02\/ats_web_logo.jpg\",\"width\":340,\"height\":120,\"caption\":\"Atelier Dipl.-Restaurator Peter Sch\u00f6ne, Halle (Saale)\"},\"image\":{\"@id\":\"https:\/\/www.schoene-restaurator.de\/web02\/#\/schema\/logo\/image\/\"}}]}<\/script>\n<!-- \/ Yoast SEO plugin. -->","yoast_head_json":{"title":"Team | Sch\u00f6ne Restauratoren","description":"Atelier f\u00fcr Restaurierung und Fachplanung von Arbeiten an hochwertigen Denkm\u00e4leren und historischen Objekten","robots":{"index":"index","follow":"follow","max-snippet":"max-snippet:-1","max-image-preview":"max-image-preview:large","max-video-preview":"max-video-preview:-1"},"canonical":"https:\/\/www.schoene-restaurator.de\/web02\/atelier\/","og_locale":"de_DE","og_type":"article","og_title":"Team | Sch\u00f6ne Restauratoren","og_description":"Atelier f\u00fcr Restaurierung und Fachplanung von Arbeiten an hochwertigen Denkm\u00e4leren und historischen Objekten","og_url":"https:\/\/www.schoene-restaurator.de\/web02\/atelier\/","og_site_name":"Atelier Dipl.-Restaurator Peter Sch\u00f6ne","article_modified_time":"2023-03-16T09:55:46+00:00","twitter_card":"summary_large_image","twitter_misc":{"Gesch\u00e4tzte Lesezeit":"1\u00a0Minute"},"schema":{"@context":"https:\/\/schema.org","@graph":[{"@type":"WebPage","@id":"https:\/\/www.schoene-restaurator.de\/web02\/atelier\/","url":"https:\/\/www.schoene-restaurator.de\/web02\/atelier\/","name":"Team | Sch\u00f6ne Restauratoren","isPartOf":{"@id":"https:\/\/www.schoene-restaurator.de\/web02\/#website"},"datePublished":"2023-01-28T15:38:02+00:00","dateModified":"2023-03-16T09:55:46+00:00","description":"Atelier f\u00fcr Restaurierung und Fachplanung von Arbeiten an hochwertigen Denkm\u00e4leren und historischen Objekten","breadcrumb":{"@id":"https:\/\/www.schoene-restaurator.de\/web02\/atelier\/#breadcrumb"},"inLanguage":"de","potentialAction":[{"@type":"ReadAction","target":["https:\/\/www.schoene-restaurator.de\/web02\/atelier\/"]}]},{"@type":"BreadcrumbList","@id":"https:\/\/www.schoene-restaurator.de\/web02\/atelier\/#breadcrumb","itemListElement":[{"@type":"ListItem","position":1,"name":"Home","item":"https:\/\/www.schoene-restaurator.de\/web02\/"},{"@type":"ListItem","position":2,"name":"Team"}]},{"@type":"WebSite","@id":"https:\/\/www.schoene-restaurator.de\/web02\/#website","url":"https:\/\/www.schoene-restaurator.de\/web02\/","name":"Atelier Dipl.-Restaurator Peter Sch\u00f6ne","description":"Atelier f\u00fcr Restaurierung und Fachplanung von Arbeiten an hochwertigen Denkm\u00e4leren und historischen Objekten","publisher":{"@id":"https:\/\/www.schoene-restaurator.de\/web02\/#organization"},"potentialAction":[{"@type":"SearchAction","target":{"@type":"EntryPoint","urlTemplate":"https:\/\/www.schoene-restaurator.de\/web02\/?s={search_term_string}"},"query-input":"required name=search_term_string"}],"inLanguage":"de"},{"@type":"Organization","@id":"https:\/\/www.schoene-restaurator.de\/web02\/#organization","name":"Atelier Dipl.-Restaurator Peter Sch\u00f6ne, Halle (Saale)","url":"https:\/\/www.schoene-restaurator.de\/web02\/","logo":{"@type":"ImageObject","inLanguage":"de","@id":"https:\/\/www.schoene-restaurator.de\/web02\/#\/schema\/logo\/image\/","url":"https:\/\/www.schoene-restaurator.de\/web02\/wp-content\/uploads\/2023\/02\/ats_web_logo.jpg","contentUrl":"https:\/\/www.schoene-restaurator.de\/web02\/wp-content\/uploads\/2023\/02\/ats_web_logo.jpg","width":340,"height":120,"caption":"Atelier Dipl.-Restaurator Peter Sch\u00f6ne, Halle (Saale)"},"image":{"@id":"https:\/\/www.schoene-restaurator.de\/web02\/#\/schema\/logo\/image\/"}}]}},"_links":{"self":[{"href":"https:\/\/www.schoene-restaurator.de\/web02\/wp-json\/wp\/v2\/pages\/417","targetHints":{"allow":["GET"]}}],"collection":[{"href":"https:\/\/www.schoene-restaurator.de\/web02\/wp-json\/wp\/v2\/pages"}],"about":[{"href":"https:\/\/www.schoene-restaurator.de\/web02\/wp-json\/wp\/v2\/types\/page"}],"author":[{"embeddable":true,"href":"https:\/\/www.schoene-restaurator.de\/web02\/wp-json\/wp\/v2\/users\/1"}],"replies":[{"embeddable":true,"href":"https:\/\/www.schoene-restaurator.de\/web02\/wp-json\/wp\/v2\/comments?post=417"}],"version-history":[{"count":129,"href":"https:\/\/www.schoene-restaurator.de\/web02\/wp-json\/wp\/v2\/pages\/417\/revisions"}],"predecessor-version":[{"id":3763,"href":"https:\/\/www.schoene-restaurator.de\/web02\/wp-json\/wp\/v2\/pages\/417\/revisions\/3763"}],"wp:attachment":[{"href":"https:\/\/www.schoene-restaurator.de\/web02\/wp-json\/wp\/v2\/media?parent=417"}],"curies":[{"name":"wp","href":"https:\/\/api.w.org\/{rel}","templated":true}]}}